2)*(-4)/q.
7
Suppose 4*w = -0*w. Let v(q) = -2*q. Let b be v(-1). Let o = b - w. List the prime factors of o.
2
Suppose -4*x = -1323 - 385. Suppose 5*o = 4*y + 1063, -2*o + 4*y - 9 = -x. What are the prime factors of o?
5, 43
Let x = -7 + 9. Suppose -x*u + 26 = 4*h, -5*u - 27 = -2. Let r(d) = d**2 - 5*d - 12. What are the prime factors of r(h)?
2, 3
Let c be (-2 - 1)*16/(-12). Suppose -c*o + 139 = -121. List the prime factors of o.
5, 13
Let t = -66 - -70. What are the prime factors of (-4 - -86)*t/8?
41
Suppose -2*m + 0*z + 76 = -4*z, 0 = 4*m - z - 166. Suppose -492 = -46*b + m*b. List the prime factors of b.
3, 41
Suppose 4*l + 2*k - 12166 = 0, -l - 10*k + 3031 = -6*k. What are the prime factors of l?
17, 179
Suppose 0 = 2*n + 10, -2*d - 12*n = -15*n - 1601. List the prime factors of d.
13, 61
Let q(v) = v**3 - 5*v**2 - 23*v + 19. List the prime factors of q(8).
3
Let r = -103 + 50. Let n = 74 + r. What are the prime factors of n?
3, 7
Suppose 3*o = 2*i + 1213, -2*o - 4*i + 403 = -379. What are the prime factors of o?
401
Let c(j) be the first derivative of -15*j**2 + 2*j + 6. What are the prime factors of c(-1)?
2
Let m(r) = -2*r - 6. Let g be m(0). Let l(h) = 6*h + 20. Let y be l(g). Let o = 49 + y. List the prime factors of o.
3, 11
Let k be (-6)/(-10) + (-557)/(-5). Suppose -x = -0*x - k. Let j = x - 72. What are the prime factors of j?
2, 5
Suppose -4*r + 4086 = 4*h + 1010, -3857 = -5*h - 2*r. List the prime factors of h.
773
Let q = 1390 - 0. List the prime factors of q.
2, 5, 139
Suppose -m - 1239 = -2*y - 4483, 4*m - 5*y = 12985. List the prime factors of m.
2, 5, 13
Suppose -m + 5*c + 256 = c, 5*m + c = 1364. List the prime factors of m.
2, 17
Suppose 0 = 5*i - 242 - 183. Suppose -2*a + i = -131. What are the prime factors of a?
2, 3
List the prime factors of -43*((-8)/(-10))/((-42)/1365).
2, 13, 43
Suppose -2*u = -3*n - 18, 0 = n + n - 4*u + 12. What are the prime factors of 1/3 + (-754)/n?
2, 3, 7
Suppose 225 - 25 = 5*b + s, 5*s = b - 40. Let n be (-6)/9 + b/(-3). Let y = 5 - n. List the prime factors of y.
19
Let u(y) = -y**3 - 4*y**2 - 3*y - 20. What are the prime factors of u(-8)?
2, 5, 13
Let n = 141 + -68. Suppose -n = 8*p - 529. List the prime factors of p.
3, 19
Let w = 6 - 7. Let j(i) = -10*i**3 - 3*i - 2. What are the prime factors of j(w)?
11
Let q(w) = -2*w + 39. List the prime factors of q(11).
17
Let u(f) = 5*f**3 - 5*f**2 - f + 11. List the prime factors of u(5).
2, 11, 23
Let l = -10 - -14. Let i = -1 + l. List the prime factors of i.
3
Let s be 2/(-5) - 6/10. Suppose -z = 5*b + 28, -8 - 12 = 3*z - b. Let i = s - z. List the prime factors of i.
7
Suppose 2*q + 21 = 161. What are the prime factors of q?
2, 5, 7
Let k(w) = -w**3 - w**2 + 116. Let r be k(0). Suppose 2*m - r = 4*v, 0 = 5*v - 5*m + m + 145. Let s = -12 - v. What are the prime factors of s?
17
Let n(r) = r**2 + r - 1. Let f(a) = a**2 + 7*a - 4. Let d(l) = -f(l) + 2*n(l). What are the prime factors of d(7)?
2
Let o be 2 + ((-30)/35)/(6/(-21)). List the prime factors of (o/(-3))/(3/(-63)).
5, 7
Let w(p) = p**3 + 10*p**2 - 6*p + 16. Let g be w(-11). Suppose 441 = 3*u + 2*u - 2*o, 0 = 5*u + 5*o - 455. Let d = u + g. What are the prime factors of d?
2, 5
Let s = -1109 - -1905. List the prime factors of s.
2, 199
Suppose 101*y = 27*y + 57868. What are the prime factors of y?
2, 17, 23
Let d(v) = -7*v - 13. Let a be d(-10). Let w = 60 - a. List the prime factors of w.
3
Let a(r) = 18*r - 46. List the prime factors of a(11).
2, 19
Suppose -24*y - 9512 = -2*t - 21*y, 3*t = 4*y + 14269. List the prime factors of t.
4759
Let w(n) = n**3 + 7*n**2 + 5*n - 13. Let f be w(-6). Let h be -2*(-2 - (f - -3)). Let r(s) = s**2 - 2*s - 4. List the prime factors of r(h).
2, 5
Let j = -3162 - -7280. List the prime factors of j.
2, 29, 71
Let f be -2 + (-1 - 3) + (-4 - -5). Let h(s) = 4*s**2 - 5*s - 5. List the prime factors of h(f).
2, 3, 5
Suppose 38*t - 134946 = 17966. List the prime factors of t.
2, 503
Suppose 0 = -4*m + 3*c - 8, -2 + 4 = -m + 3*c. Let w(j) = -4*j + 3. Let y be w(-2). Let x = y + m. List the prime factors of x.
3
Suppose 22334 = 12*o - 15586. List the prime factors of o.
2, 5, 79
Suppose 0*g - g - 11 = -4*i, 7 = 2*i - g. List the prime factors of (i + -4)*504/(-16).
3, 7
Suppose c + 2*o = 1187, -4*c + 4*o - 3*o + 4784 = 0. List the prime factors of c.
5, 239
Let q(k) = -k**2 - 23*k + 54. What are the prime factors of q(-15)?
2, 3, 29
Suppose -2*c - 3*i = -6*i - 5524, -i - 2 = 0. What are the prime factors of c?
31, 89
Let b be 0/(2/5*5). Suppose h = -l - 30, l = -b*h - 3*h - 26. Let q = 67 + l. List the prime factors of q.
5, 7
Let k = 7352 + -4514. What are the prime factors of k?
2, 3, 11, 43
Let l be (7 + -6)/((-2)/(-6)). Suppose -5*k + 225 = 5*v, 0 = -5*v + l*k + 100 + 141. List the prime factors of v.
47
Let s = 4 + -10. Let x = 58 - s. List the prime factors of x.
2
Suppose 0 = 9*p - 116 - 5563. List the prime factors of p.
631
Let k(g) = 3*g**3 - 22*g**2 - 3*g + 14. Let x(h) = h**3 - h**2 + h + 1. Let z(s) = k(s) - 4*x(s). List the prime factors of z(-18).
2, 17
Suppose 723*c - 17727 = 704*c. What are the prime factors of c?
3, 311
Let g be (-1*16/24)/((-2)/24). Suppose 5*f = 7*f - g. List the prime factors of f.
2
Suppose 3*y + 86 + 382 = 0. What are the prime factors of (y/(-20))/(2/30)?
3, 13
Suppose -1266 - 5240 = -2*m. List the prime factors of m.
3253
Let o be 6/(-18)*(1 - -2). List the prime factors of 224/24 - o/(-3).
3
List the prime factors of (16/(-20)*-10)/(1/83).
2, 83
Let w be -12*((-6)/9 - 2/6). Suppose -2*f - 810 = -w*f. What are the prime factors of f?
3
Suppose 33*z - 41*z + 800 = 0. What are the prime factors of z?
2, 5
Let u be 0*-1*(1 - (3 + -3)). Suppose -415 = -3*a + 4*g - 54, 5*g + 5 = u. What are the prime factors of a?
7, 17
Let i(c) = -9*c - 90. Let l be i(-12). Suppose -l*y = -y - 1479. What are the prime factors of y?
3, 29
Suppose 84*g - 86*g = -16. Let h(z) = -z**2 + 5*z + 3. Let x be h(5). Let p = g + x. What are the prime factors of p?
11
Let x(d) = -d**3 - 12*d**2 - 19*d + 5. Let s be x(-8). Let a = 140 + s. List the prime factors of a.
41
Suppose -3*b - 2*r + 18 = r, 21 = 5*b + 2*r. Let t be ((-1)/2)/(b/(-402)). Let f = t + -30. List the prime factors of f.
37
Suppose -5*i - 4*s - 12 = 0, -4*s = i + i + 12. Suppose -4*m = 3*h - 59 + 19, -h - m + 15 = i. What are the prime factors of h?
2, 5
Suppose 2*a - 8*a - 1488 = 0. List the prime factors of a/16*(1 + -3).
31
Let j be 2*(-2 - -1) - -6. Let o(g) = g**2 - 4*g - 18. Let v be o(-3). Suppose 21 = -v*m + j*m. List the prime factors of m.
3, 7
Let k(i) = -154*i - 219. List the prime factors of k(-7).
859
Let v(n) = 2*n**2 - 3*n - 4. Let t(u) = -u**2 + u + 1. Let z(x) = t(x) + v(x). Let i be z(3). Suppose -7*g + 6*g + 5 = i. What are the prime factors of g?
5
Let q = -179 + 251. Let f = q - -250. List the prime factors of f.
2, 7, 23
Let g = 257 + 759. What are the prime factors of g?
2, 127
Suppose -12*q + 56 = -16. What are the prime factors of (-4270)/(-63) + q/27?
2, 17
Let t be ((-3)/6)/((-2)/24). Let s(c) = 2*c**2 - 6*c - 3. What are the prime factors of s(t)?
3, 11
Let q(b) = -3*b - 9. Let t(o) = -3*o - 9. Let y(l) = l**2 + 7*l + 3. Let m be y(-6). Let x(g) = m*t(g) + 4*q(g). List the prime factors of x(-6).
3
List the prime factors of ((-1388)/12)/(15/(-180)).
2, 347
Let a(i) be the second derivative of 19*i**3/3 - 5*i. What are the prime factors of a(1)?
2, 19
Suppose -7*n = -2*n - 5*v - 275, 3*n - v - 157 = 0. List the prime factors of n.
3, 17
Let f(i) = -58*i - 4. Let b be f(-6). Suppose 0 = 5*u - 11 + 31, 4*z - u = b. List the prime factors of z.
5, 17
Suppose -4*b + 1392 = 4*f, -b + 1392 = 4*f + 4*b. What are the prime factors of f?
2, 3, 29
Let v be (2/(-4))/(104/16 - 6). List the prime factors of (-5 - v) + (4 + 0 - -103).
103
Let q = 134 + 328. List the prime factors of q.
2, 3, 7, 11
Suppose 0*c + 2*c + 2*v = 378, -1 = -v. Let n = -89 + c. What are the prime factors of n?
3, 11
Let g(d) = -2*d**2 + 16*d + 2. Let m be g(8). Suppose -m*z - t + 163 = 2*z, z - 42 = t. What are the prime factors of z?
41
Suppose 2135 + 169 = 2*q. Suppose -q = 3*h - 9*h. What are the prime factors of h?
2, 3
Let m(l) = -l**2 + 11*l - 20. Let o be m(9). List the prime fac